uppose -4*m - 4*l + 5 = -39, -2*m + 22 = -3*l. Suppose 335 = -m*t + 4526. List the prime factors of t.
3, 127
Suppose -3*q + 23*q - 4*q = 27760. What are the prime factors of q?
5, 347
Suppose -19*z - 64 - 126 = 0. List the prime factors of 11*3*(-1 - 3 - z).
2, 3, 11
Let n = -29490 + 33029. What are the prime factors of n?
3539
Let a(s) = s**3 + 5*s**2 + s + 7. Let x be a(-5). Let k(g) = -1 + 25*g**2 - 9*g**x + 4*g + 3. What are the prime factors of k(-3)?
2, 67
Suppose 5*c - 57614 = 4*m, 326*c - 322*c - 46084 = -4*m. List the prime factors of c.
2, 7, 823
List the prime factors of (-49150038)/(-1260) + 5/150.
2, 23, 53
Let c = -35644 - -72303. What are the prime factors of c?
7, 5237
Let z(g) = 185*g**3 - 4*g**2 + 4*g - 17. What are the prime factors of z(4)?
3, 5, 157
Suppose 0 = -4*y - 14*x + 11*x + 35305, 0 = 3*y + 5*x - 26476. What are the prime factors of y?
7, 13, 97
Suppose 38*j - 42*j + 14876 = 4*q, 5*q + 4*j = 18600. What are the prime factors of q?
2, 7, 19
Let d(x) = -58*x - 66*x + 130*x. Let g(t) = 1. Let i(z) = 3*d(z) + 6*g(z). List the prime factors of i(3).
2, 3, 5
Let p(k) = k**2 + 5*k - 14. Let d be -3 - 2/((-4)/18). Let v = -5 - d. List the prime factors of p(v).
2, 13
Suppose 4*r - 6*r = -w - 2, -4*r + 5*w = -10. Suppose 4*v + z - 568 = r, -4*v + 9*v - 4*z - 731 = 0. List the prime factors of v.
11, 13
Suppose 259*g = 254*g + 45, -3*m + 249390 = -2*g. What are the prime factors of m?
2, 3, 433
Suppose -5*j - 1107 = 2*w, 42 = -3*j + 3*w - 618. Let o(g) = g**3 - 14*g**2 + 40*g - 2. Let x be o(7). Let d = x - j. What are the prime factors of d?
2, 3, 13
What are the prime factors of ((0 + -1)*-3 - 46546/68)*-4?
2, 29, 47
Let r = 1193 + 1209. Let f = r + -1362. What are the prime factors of f?
2, 5, 13
Suppose -9*c + 2488 = -3938. Suppose -c = -53*h + 52*h. List the prime factors of h.
2, 3, 7, 17
List the prime factors of (-710258)/(-42) - ((-10110)/315 + 32).
3, 1879
Let s = 1849 - 1741. Let q = 90 - -171. Let z = q - s. List the prime factors of z.
3, 17
Let u(y) = -2*y + 1. Let h(a) = a + 5. Let d be h(-4). Let v be u(d). Let z = v + 9. What are the prime factors of z?
2
Let m(t) = -5*t**2 - 111*t - 33. Let c(w) = 3*w**2 + 74*w + 22. Let d(l) = 8*c(l) + 5*m(l). List the prime factors of d(26).
3, 11
Suppose -52 = -4*z - 4*d, -3*d + 2*d + 53 = 5*z. Suppose 0 = o + z - 11, 4*o - 1082 = -v. List the prime factors of v.
2, 7, 11
Suppose 63*g = 69*g + 36. What are the prime factors of ((-3)/g + 0)/((-4)/(-904))?
113
Suppose 3*l - 21*l = -69444. What are the prime factors of l?
2, 3, 643
Let t(j) = -7*j - 144. Let n be t(-21). Suppose 0 = -8*y + 3*y + r + 3365, n*y - 3*r = 2007. List the prime factors of y.
2, 337
Let t = 6 - -1. Suppose 0*i - i = t*i. Suppose i = 3*u - 8*u + 80. List the prime factors of u.
2
Suppose -80*z = 5*z - 255. Let i = 1 - 1. Suppose -z*u + 81 = -i*u. What are the prime factors of u?
3
Suppose -9*i - 37*i + 1670794 = -12*i. What are the prime factors of i?
157, 313
Let t be 7/21 + 494/3. Let b be (-936)/13 - (3 - 2 - -1). Let j = t + b. What are the prime factors of j?
7, 13
List the prime factors of (161562/(-4))/(-2 + -1 - (-54)/36).
26927
Suppose -6 = 4*x - 22. Suppose 0 = 20*j - 7*j. Suppose -p + 11 = -0*y + x*y, j = 2*p + 3*y - 32. List the prime factors of p.
19
Let x(s) be the first derivative of s**3/3 - 2*s**2 + 55*s + 79. What are the prime factors of x(0)?
5, 11
Let h be (1 + (-42)/18)*66/(-4). What are the prime factors of (-5)/(60/(-306))*h/1?
3, 11, 17
Let n(b) = 248*b + 175. Let x be -65 + 65 - (1 + -7). What are the prime factors of n(x)?
1663
Let s(n) = -25*n**2 - 2*n + 3. Let a be s(-2). Let i = -87 - a. List the prime factors of 87 - 2*i/(-4).
2, 3, 5
Suppose 137 + 295 = 3*z. Let w = 8 + -8. Suppose 0 = 4*k + 4*f - z, 4*f + 4 + 12 = w. List the prime factors of k.
2, 5
Let v(h) = 25 - 115*h - 4 + 143*h. Let t be v(7). Suppose t = 5*l + 3*j, -5*l + 0*j = -j - 221. List the prime factors of l.
2, 11
Let f(l) = -162*l + 1. Let y be f(-4). Suppose -3089 + 3099 = 5*n. Suppose s = -3*v + y, 4*s - n*s = 4*v - 872. List the prime factors of v.
7, 31
Let a(q) = -47*q + 12*q - 17 - 57*q + 15*q. Let h be a(-6). Suppose 0 = 5*t - 0*t - h. List the prime factors of t.
89
Suppose 0 = 51*a - 49*a - 8. Suppose -h + a = -0*h. Suppose h*t - 229 = 7. What are the prime factors of t?
59
Let o = 34222 + -9513. What are the prime factors of o?
24709
Let b(i) = -2*i - 1. Let u be b(-2). Let m(z) = -17*z**u + 2 - 8*z - 2*z + 16*z + 5*z**2. What are the prime factors of m(-2)?
2, 73
List the prime factors of (65 + -16032)*((-18)/(-14))/(-3).
3, 2281
Let i = 52 - 244. Let y be 2 + 2 - (3 + i). Suppose -n + 3 = 0, -3*b - n = -y + 49. What are the prime factors of b?
47
Let x be (-8 + 18)/(6/(-4))*246. Let q be (2 - 1) + x/(-15)*6. Let d = -401 + q. What are the prime factors of d?
2
Suppose -b + 2*h = -3*h - 4, 4*h = 4*b - 16. Suppose b*q = 17*q - 2262. List the prime factors of q.
2, 3, 29
Let c(d) = 19*d + 1034. Let j be c(0). Let x = j - 411. What are the prime factors of x?
7, 89
Let d = -1874 + 4170. List the prime factors of d.
2, 7, 41
Suppose 4*x = -20, j + 4*x - 55 = -0*j. Suppose z = 4*z - j. What are the prime factors of ((-15)/z)/(2/(-430))?
3, 43
Suppose -6*f = 2*o - 73872, 4*f - 15*o + 18*o - 49243 = 0. What are the prime factors of f?
7, 1759
Let l(i) be the third derivative of -i**4/12 + 185*i**3/6 - 10*i**2 - 2*i. What are the prime factors of l(-18)?
13, 17
Suppose 7*z - 54 = 4*z. Suppose -14*p + z = -8*p. Suppose -2*s + 73 = 5*u - 8, -9 = p*u. List the prime factors of s.
2, 3
Suppose 4860 = 4*m - 4*r, 4*r + 2440 = 2*m - 0*m. Let u = m + 770. List the prime factors of u.
2, 3, 5, 11
Let o = -26484 - -42890. What are the prime factors of o?
2, 13, 631
Let o = 86 + 93. Suppose 2*x + o = -39. Let q = x - -155. List the prime factors of q.
2, 23
Let u be (4 - 1)*(-20)/(-6). Suppose -2*q + 282 = -2*r, u*q - 673 = 5*q - 3*r. Let f = -55 + q. What are the prime factors of f?
2, 41
Suppose 3*w - 2774 + 131 = -4*i, 0 = i - 2*w - 658. Let x = i - 470. What are the prime factors of x?
2, 5, 19
Let z(g) = -g**3 - 12*g**2 + 27*g + 8. Let j be z(-12). List the prime factors of (-112)/6*(-2 - j/(-16)).
2, 7, 29
Let a(l) = 11*l**3 + l**2 + l - 3. Let w be a(3). Suppose -11*i + 79 = -w. List the prime factors of i.
5, 7
Let z = -1046 + 18290. What are the prime factors of z?
2, 3, 479
Let o be (-2)/(-3) + 136/(-24) + 2. Let q(d) = 98*d**2 - 24*d - 71. What are the prime factors of q(o)?
883
Let x(t) = 1396*t**2 + 60*t - 221. What are the prime factors of x(4)?
5, 17, 263
Let a(b) = 16*b - 10. Suppose -4*j - 2 = 2, 4*m + 3*j - 33 = 0. Let o = m + -4. What are the prime factors of a(o)?
2, 5, 7
Suppose 0 = -9*s + 11*s + 330. Let d = s + 304. What are the prime factors of d?
139
Suppose -9*o - 4*n - 93100 = -14*o, 3*n = 11*o - 204820. List the prime factors of o.
2, 5, 7, 19
Let k(r) be the first derivative of 46*r**4 - r**3/3 - 3*r**2 + 6*r + 114. What are the prime factors of k(2)?
2, 17, 43
Suppose -98038*s + 98024*s = -338282. What are the prime factors of s?
73, 331
Suppose -5*w - 2*b - 45 = 0, -15*w + 18*w + 3*b = -18. List the prime factors of -916*(11/2)/w.
2, 229
Let u(j) = -j**3 + 2*j**2 + 2*j - 6. Let d be u(-4). Let o be (-394)/(2 + 1 + -5). Let g = o - d. List the prime factors of g.
5, 23
Suppose 0 = b - 5*n - 0 - 13, 4*n = b - 8. Let v = -12 - b. Suppose l - 36 = -v*l. List the prime factors of l.
2, 3
Let a be ((1 - -1) + -27)*(19 + 7). Let k = -292 - a. Suppose 0 = -3*g - 46 + k. List the prime factors of g.
2, 13
Let y = -4370 + 6296. What are the prime factors of y/66 - (2 - 60/33)?
29
Let q = 139 - 38. Let n = 183 - q. Let a = 10 + n. List the prime factors of a.
2, 23
Let u(k) = -k**3 + 7*k**2 + 9*k - 8. Let f be u(8). Suppose -2*w - 5*w + 105 = f. Suppose -19*c + w*c = -36. What are the prime factors of c?
3
Suppose -3*o + 20 = f - 0*o, 4*f = -o + 25. Suppose 0*q + 5*d + 1305 = 3*q, -f*q - d + 2203 = 0. Suppose -3*g = -11*g + q. What are the prime factors of g?
5, 11
Let k be (-4)/(-6) - (-74)/6. Suppose -k*a + 434 = -619. List the prime factors of a.
3
Suppose -36*p + 41255 + 166429 = 0. What are the prime factors of p?
3, 641
Let j(t) = -t**2 + 67*t - 130. Let u be j(65). Let x = 8 -